?
125
Let q(z) = z**3 - 11*z**2 + 9*z - 116. Give q(10).
-126
Let z(f) = -294*f + 6759. Determine z(23).
-3
Let v(o) = 3727*o + 7446. Determine v(-2).
-8
Let m(j) = j**3 - 2*j**2 + 19*j - 1. What is m(2)?
37
Let s(w) = -1582*w + 12674. Give s(8).
18
Let d(f) = 379*f + 2740. Determine d(-7).
87
Let t(r) = r - 70. What is t(7)?
-63
Let d(h) = -2*h**3 - 50*h**2 + 60*h + 212. Calculate d(-26).
4
Let k(y) = 4*y - 134. What is k(37)?
14
Let r(y) = 19*y**2 + 292*y - 2. Give r(0).
-2
Let a(k) = 43*k - 648. Determine a(15).
-3
Let r(n) = -125*n - 1243. Determine r(-10).
7
Let w(p) = p**3 - 5*p**2 - 19*p - 36. Calculate w(8).
4
Let l(k) = -1544*k + 20085. Determine l(13).
13
Let n(w) = -4*w**2 - 174*w - 537. Determine n(-40).
23
Let z(f) = 1659*f - 1675. Give z(1).
-16
Let t(p) = 22*p + 259. Determine t(-15).
-71
Let u(b) = -5*b**3 - 36*b**2 - 159*b + 20. Determine u(-5).
540
Let g(x) = x**2 - 153*x - 24948. What is g(-99)?
0
Let g(p) = p**2 + 1393*p + 50173. Calculate g(-37).
1
Let t(m) = m**2 + 31*m + 154. Determine t(-6).
4
Let s(o) = -5*o**2 + 161*o - 48. Determine s(32).
-16
Let k(v) = -2*v**3 + 12*v**2 + 9*v - 14. Give k(-2).
32
Let c(q) = -q**3 + 62*q**2 + 197*q + 43. Calculate c(65).
173
Let w(x) = 18888*x - 188874. Give w(10).
6
Let w(h) = -4*h**2 - 930*h + 3735. What is w(4)?
-49
Let t(c) = -2*c**2 - 60*c + 2133. Determine t(21).
-9
Let i(z) = -562*z + 12376. Calculate i(22).
12
Let u(x) = x**2 - 2*x + 358. Determine u(0).
358
Let i(k) = 3*k**2 - 353*k - 13478. Determine i(148).
-10
Let t(z) = 7*z**2 + 494*z - 494. Calculate t(1).
7
Let y(o) = 29*o - 592. Give y(7).
-389
Let r(c) = -9*c**2 + 572*c + 1142. Determine r(-2).
-38
Let a(d) = 79*d - 297. What is a(8)?
335
Let t(n) = n**2 - 45*n - 146. Calculate t(-3).
-2
Let t(p) = -1452*p - 2867. Determine t(-2).
37
Let k(i) = 100*i**2 - 3*i - 2. Calculate k(1).
95
Let f(j) = j**3 + 28*j + 249. Determine f(0).
249
Let m(u) = 136*u + 118. Determine m(-1).
-18
Let g(l) = 2*l**2 - 491*l - 148970. What is g(422)?
-4
Let r(b) = -3*b**2 + 61*b - 252. Calculate r(5).
-22
Let u(x) = 1903*x + 32399. Calculate u(-17).
48
Let o(m) = -2*m**3 + 51*m**2 - 218*m - 558. Calculate o(19).
-7
Let f(u) = -3*u**2 + 82*u + 334. Determine f(31).
-7
Let p(q) = -393*q**2 + 153*q - 153. Determine p(1).
-393
Let b(g) = -3*g**2 + 272*g - 2599. Determine b(10).
-179
Let c(f) = -5*f - 218. Calculate c(-26).
-88
Let u(y) = 782*y + 7034. Determine u(-9).
-4
Let l(o) = -1286*o - 6393. Calculate l(-5).
37
Let u(m) = -m**3 + 8*m**2 + 9*m + 22. Determine u(10).
-88
Let g(p) = -p**3 + 28*p**2 - 152*p + 30. Give g(7).
-5
Let f(g) = g**2 + 45*g - 248. Calculate f(-50).
2
Let p(v) = -4*v + 95. Determine p(7).
67
Let r(w) = 59*w + 1590. Calculate r(-27).
-3
Let n(s) = -2*s**3 - 24*s**2 + 22*s + 212. What is n(-12)?
-52
Let c(z) = -z**3 + 7*z**2 + z - 11. What is c(7)?
-4
Let k(z) = 4*z**2 + 151*z + 1239. What is k(-26)?
17
Let r(w) = 6*w**3 + 16*w**2 - 17*w - 25. Calculate r(-5).
-290
Let o(p) = -11*p + 332. What is o(21)?
101
Let n(v) = -22*v**2 - 6*v + 25. Calculate n(-6).
-731
Let m(n) = -5*n**2 - 136*n + 46. Give m(-27).
73
Let y(x) = -2*x**3 + 4*x**2 + 89*x + 63. Calculate y(8).
7
Let f(y) = -y**3 + 282*y**2 - 4754*y + 31. Calculate f(18).
-5
Let v(i) = i**3 - 38*i**2 + 195*i + 12. What is v(31)?
-670
Let y(b) = -b**3 - 33*b**2 - 34*b - 58. Determine y(-32).
6
Let w(t) = -t**3 - 69*t**2 + 139*t - 221. Give w(-71).
-8
Let b(r) = -744*r + 23802. Calculate b(32).
-6
Let o(z) = -2*z**3 + 143*z**2 - 469*z - 468. What is o(68)?
8
Let l(n) = 4*n**3 + 149*n**2 + 1170*n + 29. Determine l(-26).
29
Let m(q) = -4*q**2 - 45*q + 5. Calculate m(-11).
16
Let h(d) = 49*d - 65. Calculate h(2).
33
Let m(c) = 84*c - 24. What is m(1)?
60
Let t(c) = -452*c + 3912. Determine t(9).
-156
Let j(n) = n**3 - 277*n**2 + 72*n - 19944. Calculate j(277).
0
Let m(d) = 572*d + 4016. Determine m(-7).
12
Let q(r) = 32*r + 393. Determine q(-13).
-23
Let u(k) = -k**3 - 68*k**2 - 3*k - 200. Give u(-68).
4
Let w(m) = -3*m**2 + 90*m - 38. What is w(29)?
49
Let m(t) = 16*t**3 + t**2 - 2*t. Calculate m(1).
15
Let t(z) = -10*z**2 + 18*z + 19. What is t(-5)?
-321
Let t(m) = 181*m + 1642. Determine t(-9).
13
Let w(q) = -188*q - 487. Determine w(-3).
77
Let k(r) = -70*r**2 - 3149*r + 36. Calculate k(-45).
-9
Let g(b) = b**3 + 31*b**2 + 55*b + 147. Give g(-29).
234
Let b(f) = -11*f**2 + 11*f - 31. Give b(3).
-97
Let l(n) = 2*n**3 - 47*n**2 - 15*n - 222. What is l(24)?
-6
Let c(j) = -j**3 + 8*j**2 - 4*j - 10. What is c(0)?
-10
Let f(b) = -2*b**2 + 12*b - 12. Give f(5).
-2
Let s(g) = 12*g - 319. Determine s(-20).
-559
Let d(k) = 2*k**3 - 13*k**2 + 11*k - 39. Determine d(7).
87
Let w(b) = b**2 - 171*b - 877. What is w(-5)?
3
Let m(r) = r**3 + 2*r**2 + 30*r + 10. Calculate m(0).
10
Let f(c) = -7*c**3 - 20*c**2 - 3*c - 14. Give f(-3).
4
Let p(s) = s**3 + 29*s**2 + 4*s + 13. Calculate p(-29).
-103
Let m(y) = y**2 + 406*y + 3556. Calculate m(-9).
-17
Let i(k) = 49*k + 359. Determine i(-10).
-131
Let v(d) = d**2 + 560*d - 2267. Give v(4).
-11
Let t(g) = -69*g**2 + 6*g - 6. What is t(1)?
-69
Let k(f) = 6*f - 308. Determine k(33).
-110
Let v(o) = -2*o**2 - 191*o + 210. Give v(-99).
-483
Let k(b) = -b**3 - 12*b**2 + 126*b + 39. Calculate k(7).
-10
Let f(j) = -j**3 - 2*j**2 + 11*j + 40. Calculate f(-5).
60
Let p(q) = -281*q - 1679. Determine p(-6).
7
Let k(q) = 11991*q + 287777. Give k(-24).
-7
Let o(i) = i**3 - 78*i**2 - 242*i - 77. Give o(81).
4
Let z(l) = -16*l**2 + l - 9. What is z(3)?
-150
Let b(z) = 339*z + 4687. Determine b(-14).
-59
Let n(p) = p**3 + 184*p**2 + 400*p + 6558. What is n(-182)?
6
Let v(f) = -2*f**2 + 48*f - 176. Calculate v(4).
-16
Let y(q) = -3*q**3 + 48*q**2 - q + 25. Give y(16).
9
Let f(g) = g**2 - 12*g - 70. Give f(13).
-57
Let b(c) = c**3 + 121*c**2 + 243*c + 590. Calculate b(-119).
-5
Let i(z) = -407*z - 1974. Give i(-5).
61
Let n(t) = t**3 + 29*t**2 - 63*t - 1110. Give n(-30).
-120
Let m(o) = -262*o - 3636. Calculate m(-14).
32
Let g(m) = -m**2 - 95*m - 1667. What is g(-72)?
-11
Let i(x) = x**2 + 144*x + 3598. Give i(-32).
14
Let o(k) = -k**2 + 20*k + 25. Determine o(25).
-100
Let m(g) = g**3 + 3*g**2 + 7*g + 6. Determine m(0).
6
Let c(n) = n**2 - 104*n + 594. What is c(98)?
6
Let m(q) = 57*q - 10045. Give m(176).
-13
Let u(d) = d**2 + 7*d + 34. Calculate u(-8).
42
Let w(f) = -f**3 + 11*f**2 + 24*f - 51. What is w(12)?
93
Let y(j) = -2*j**2 + 108*j + 540. Calculate y(-5).
-50
Let t(j) = 1101*j + 7687. What is t(-7)?
-20
Let p(i) = 544*i + 4352. What is p(-8)?
0
Let i(a) = -152*a**3. Determine i(-1).
152
Let y(t) = 172*t - 1637. What is y(10)?
83
Let p(n) = 2*n**3 - 10*n**2 + 418*n - 1645. Determine p(4).
-5
Let m(h) = -229*h - 83. Give m(2).
-541
Let m(o) = 3*o**3 + 23*o**2 + 38*o + 50. Give m(-6).
2
Let p(v) = v**3 - 13*v**2 - 25*v + 164. Determine p(14).
10
Let h(l) = 4*l + 173. Give h(0).
173
Let c(k) = -3*k**2 + 235*k - 1861. Give c(9).
11
Let v(q) = -1071*q - 9538. Give v(-9).
101
Let y(j) = j**2 - 73*j + 673. What is y(41)?
-639
Let v(q) = 54*q - 548. Calculate v(10).
-8
Let i(z) = -12*z + 599. What is i(54)?
-49
Let d(p) = 2*p**2 + 70*p - 71. Give d(1).
1
Let s(f) = -3*f + 68. What is s(-18)?
122
Let y(w) = -5*w**2 + 135*w + 23. Determine y(27).
23
Let s(o) = -2*o**2 + 46*o - 42. Give s(22).
2
Let p(z) = 2*z**3 - 28*z**2 + 12*z - 197. Calculate p(14).
-29
Let a(m) = -6*m**2 - 5*m + 91. Give a(0).
91
Let n(d) = d**3 + 3*d**2 - 26*d + 18. What is n(3)?
-6
Let m(f) = -f**3 + 2*f**2 + 7*f + 19. Determine m(5).
-21
Let u(f) = 229*f + 2050. Determine u(-8).
218
Let a(w) = w**2 - 24*w + 4. Determine a(10).
-136
Let r(l) = -l**3 - 13*l**2 + 6*l + 37. What is r(-13)?
-41
Let n(h) = h**3 - 22*h**2 - 858*h + 752. Determine n(42).
-4
Let v(b) = -b**3 + 2*b**2 - 512*b + 1546. Calculate v(3).
1
Let r(f) = -286*f**2 - 1145*f - 1. What is r(-4)?
3
Let j(c) = -5*c**2 + 118*c - 459. What is j(5)?
6
Let l(b) = 21*b**2 + 45*b + 86. What is l(-2)?
80
Let u(t) = 18*t**2 + 105*t + 5. What is u(-6)?
23
Let c(p) = 76*p - 4679. What is c(61)?
-43
Let n(h) = h**2 + 3*h + 27. Determine n(-9).
81
Let c(j) = -j**2 + 33*j + 114. What is c(36)?
6
Let h(w) = w**2 - 39*w - 167. What is h(40)?
-127
Let i(q) = -16*q**2 - q + 2. What is i(5)?
-403
Let l(h) = -5*h**2 - 93*h + 35. What is l